-x, 0 = -2*x - s + 12 + 40. Let b be (4/(-3))/((-9)/x). Let y = 9 - b. What is the remainder when 13 is divided by y?
3
Let x(q) = -37*q**3 + 2*q**2 + 2*q + 1. Calculate the remainder when x(-1) is divided by 10/1*4/4.
8
Suppose 24*y - 27*y + 27 = 0. Calculate the remainder when 26 is divided by y.
8
Let m(n) = -8*n - 4. Let p(h) = -1. Let v(w) = m(w) + 5*p(w). What is the remainder when v(-3) is divided by 9?
6
Suppose 4*g - 6 - 6 = 0. Suppose 5*s + 21 = 3*k, 2*k - 3*s = 5*k + g. What is the remainder when k is divided by 1?
0
Suppose 5*w - 15 = -5. Let z = -2 + 4. Calculate the remainder when z is divided by -1 - (w + -2 + -3).
0
Let a be 1/(1*2/(-4)). Let c be (-2)/(1 - -1)*a. Suppose -3*y - 68 = -c*s, -2*s + 3*y = -s - 34. Calculate the remainder when s is divided by 12.
10
Suppose 3*f + 2*q + 36 + 22 = 0, q + 74 = -4*f. Suppose 3*s + s - 176 = 0. Let n = f + s. Calculate the remainder when n is divided by 14.
12
Suppose -67 = -l - 24. Let d = -26 + l. What is the remainder when 32 is divided by d?
15
Let a = -16 + 51. Suppose 8*w - 16 = 7*w + 4*m, 0 = -5*w + 4*m + 32. Calculate the remainder when a is divided by ((-2)/(-3))/(w/54).
8
Suppose -r - 49 = -a, -3*a - 2*a + 257 = -2*r. What is the remainder when a is divided by 5?
3
Suppose 0 = 5*m - 3*m - 2. Suppose 0 = -4*t - 4*i + 2*i + 2, -3*t - 6 = 4*i. Calculate the remainder when t is divided by m.
0
Let l(a) = -3*a**3 - 5*a**2 - 2*a - 1. What is the remainder when l(-3) is divided by 22?
19
Let o be (3 - (-1)/(-1)) + 10. Suppose -d + o = d. What is the remainder when (2/5)/(1/40) is divided by d?
4
Let o(f) = f + 2. Suppose -152 = q - 5*q. Calculate the remainder when q is divided by o(11).
12
Suppose 0 = 4*u - 0*d + 2*d - 160, 5*u = -3*d + 202. What is the remainder when 15 is divided by u/9 + (-4)/18?
3
Let s(b) = -17*b - 70. What is the remainder when s(-5) is divided by 3?
0
Let s(o) = 3*o - 4. Let b be (1 - 2)*(-5)/1. Let n(m) = -8*m + 12. Let u(g) = b*n(g) + 14*s(g). Calculate the remainder when 26 is divided by u(5).
12
Let g = -128 + 218. Suppose -4*x + 9*x = 25, -5*z + g = -2*x. What is the remainder when 1 - 2 - (1 + -60) is divided by z?
18
Let m be 2 + (1 - 0/2). Suppose 2 = 2*b + 3*h, -h + 0*h = -m*b + 14. Let a(g) = g**3 - 6*g + 4. What is the remainder when a(b) is divided by 15?
14
Let k(w) = 3*w - 7. Let j = -75 + 127. Let d = j + -31. What is the remainder when d is divided by k(6)?
10
Let m = 3 - 1. Suppose 2*r - 84 = -m*r. Suppose -j + 2*j + a = 14, j - 5*a + 4 = 0. What is the remainder when r is divided by j?
10
Let r = -21 + 49. Calculate the remainder when r is divided by 10.
8
Let h(q) be the first derivative of 2*q**3/3 + q**2/2 + q - 2. Let g be h(-4). Let t = 57 - g. What is the remainder when t is divided by 10?
8
Let y(n) = 1 + 6*n - 12*n + 7*n. What is the remainder when y(0) is divided by 1?
0
Let p be -2 - 1/(1/(-7)). Suppose 0 = -y + p*o + 15, 4*o - 24 = -4*y + 6*o. Let w = 7 - y. Calculate the remainder when 3 is divided by w.
1
Let z(h) = 3*h + 3. Let b be z(4). Suppose -i + b + 2 = 2*v, -5*i = v - 121. Suppose 0 = d - i - 16. What is the remainder when d is divided by 14?
13
Suppose -4*o + 3 + 21 = 0. What is the remainder when 14 is divided by 18/4 - o/12?
2
Let d(k) = k**3 + 3*k**2 - 3*k. Calculate the remainder when d(2) is divided by 4.
2
Let v = 11 - -43. Let i = -452 + 480. Calculate the remainder when v is divided by i.
26
Let f(w) = -4*w**3 - w**2 - w + 1. Calculate the remainder when f(-2) is divided by 17.
14
Let o be 0 - -2 - (-1 - 3). Let y = o + 40. Calculate the remainder when y is divided by 16.
14
Suppose -2*s + 5*u = -53, -s + 4 = 2*u - 9. Calculate the remainder when s is divided by 3.
1
Suppose 3*s - 15 - 90 = 0. What is the remainder when 107/7 + (-10)/s is divided by 8?
7
Suppose -13*z = -9*z - 2*h - 4, 5*z - 2 = 4*h. Suppose -20 = 5*a, 4*y = 3*a - 4*a. Calculate the remainder when z is divided by y.
0
Let h(d) = 2*d + 16. Calculate the remainder when h(0) is divided by 6.
4
Suppose 366 = 5*i - 4*b - 0*b, -b = -i + 74. Calculate the remainder when i is divided by 24.
22
Suppose -4*y = 3*p - 60, -3*p - 5*y = -4*y - 51. What is the remainder when 111 is divided by p?
15
Let g = -16 + 26. Calculate the remainder when 15/(-2)*(-8)/g is divided by 1/((-1)/(-3)) + 1.
2
Let c = -93 - -100. Let q(b) = 2*b**2 + 5*b + 1. What is the remainder when q(-5) is divided by c?
5
Suppose 3*q + y = 146, -5*y = -5*q - 108 + 338. Let n = -14 + 31. Calculate the remainder when q is divided by n.
14
What is the remainder when 8 is divided by ((-10)/8)/(14/(-56))?
3
Let n = -19 + 39. What is the remainder when 79 is divided by n?
19
What is the remainder when 128 is divided by (-2)/13 - 340/(-13)?
24
Let r = 65 + -14. Suppose 2*w + 4*d = 4*w - 86, 4*d + r = w. What is the remainder when w is divided by 12?
11
Let l(p) = -p**3 + 6*p**2 - 3*p - 6. Let k be (-44)/(-8) + (-1)/2. Let g be l(k). What is the remainder when 4/(-6)*(-204)/g is divided by 12?
10
Let m(d) = 13*d**2 + d. Let b be m(-2). Let r = b - 34. Calculate the remainder when 62 is divided by r.
14
Let t(w) = 20*w - 153. Let a = 4 - 1. Suppose 36 = -0*h + a*h. Calculate the remainder when h is divided by t(8).
5
Let q = 23 - 16. Suppose 303 = q*n - 4*n. Let r = n + -70. What is the remainder when r is divided by 17?
14
Let t = -11 - -25. Suppose -l - l + d - 65 = 0, 63 = -2*l + 3*d. Let s = l + 60. Calculate the remainder when s is divided by t.
13
Suppose -2*k + 2 + 4 = 0. Suppose k*t - 5 = 16. What is the remainder when -18*3/((-9)/2) is divided by t?
5
Let o(z) = -7. Let i(b) = b. Let d(y) = -6*i(y) - o(y). Calculate the remainder when 74 is divided by d(-3).
24
Suppose 5*w - 31 = -2*l, -2*l + l + 26 = 4*w. What is the remainder when 12 is divided by w?
5
Suppose -11 = -2*p - 1. Suppose p*d - 20 = 3*d. Calculate the remainder when d is divided by (-3)/(4 + -1)*-4.
2
Suppose 3*n - v - 404 = 0, 4*v + 1 - 5 = 0. Calculate the remainder when n is divided by 17.
16
Let m(c) = -c**3 + c**2 + c. Let p(q) = 4*q**3 + 4*q**2 + 6*q - 2. Let w(n) = -3*m(n) - p(n). Calculate the remainder when 77 is divided by w(-6).
17
Suppose 4*p - 4*r = 184, 3*p - 2*p = 2*r + 48. Calculate the remainder when p is divided by 15.
14
Let j(l) = 27*l + 7. Let k be j(4). Let n = 18 + k. Calculate the remainder when n is divided by 34.
31
Let h = -21 - -7. Let v = 23 + h. What is the remainder when 16 is divided by v?
7
Suppose -31*s = -33*s - 4. What is the remainder when 19 is divided by (5/s)/(-5)*14?
5
Let k = 0 - 4. Let f be 0/5*2/k. Suppose f = -3*o - 3*a + 75, 0*o = 4*o - 4*a - 84. What is the remainder when o is divided by 8?
7
Suppose 2*p - 8*m = -5*m + 52, 3*p + 5*m = 59. Calculate the remainder when p is divided by 12.
11
Let r(x) = -31*x + 0*x**2 - x**2 + 22*x. Calculate the remainder when (5*-3*1)/(-1) is divided by r(-8).
7
Let q(x) = -x**3 - x**2 - x. What is the remainder when 56 is divided by q(-3)?
14
Suppose 3*t + 18 = 198. Calculate the remainder when t is divided by 31.
29
Suppose 5*u = o + 1, o + 1 - 6 = -u. Let m(g) = -5 - 2*g**2 + 8 + g**2 + 7*g. What is the remainder when m(o) is divided by 4?
3
What is the remainder when 2/4*(1 - -21) is divided by 6?
5
Suppose 15 = 3*w - 3*y, 0 = -5*w - 0*y - 4*y - 2. Let l = 14 - 7. Suppose o + l = w*o. Calculate the remainder when 12 is divided by o.
5
Let f = 18 - 13. Suppose 0 = f*l - 23 - 7. Let m = 3 - -13. What is the remainder when m is divided by l?
4
Suppose 3*c - 64 = -2*l - 2*l, 3*c = -2*l + 56. Suppose 0*u + 4*u - 3*k = c, -3*u - 3*k + 33 = 0. Calculate the remainder when 11 is divided by u.
4
Let x(j) = j**3 - 12*j**2 - 11*j - 17. Let k be (10 - -1) + 0 + 2. Let t(f) = -2*f**3 - 4*f**2 - 2. Calculate the remainder when t(-3) is divided by x(k).
7
Suppose a + 2*v + 2 = 21, a - 20 = -3*v. Let u be (9 - -2) + 6/3. Let w = u - 7. Calculate the remainder when a is divided by w.
5
Suppose -3*m + 4*g - 6 = -1, -2*m + 4*g = 10. Let i(d) = 11*d**2 - 2. Let c be i(-2). Suppose -m*y + 23 = -c. Calculate the remainder when y is divided by 7.
6
Suppose 5*f + j - 32 = 4*j, 0 = -3*f - 3*j. Calculate the remainder when 5 is divided by f.
1
Let l(q) = -6*q**2. Let y be l(-1). Let t = -11 - y. Let n(b) = b**2 + b + 7. What is the remainder when n(t) is divided b